alse
Is 4206466493 a prime number?
True
Is 2711654833 composite?
False
Is 1754535761 prime?
False
Is 16165516573 composite?
False
Is 24904369927 composite?
True
Is 460380929 a composite number?
False
Is 16641408782 a prime number?
False
Is 825203227 prime?
True
Is 12978381809 prime?
True
Is 2615218759 a prime number?
False
Is 16151634743 a composite number?
False
Is 778781273 a composite number?
False
Is 12204690383 composite?
False
Is 70891733513 a prime number?
True
Is 5985149189 composite?
False
Is 9482559113 composite?
True
Is 1230538457 composite?
False
Is 810945991 composite?
True
Is 31834217837 composite?
True
Is 5935751819 a prime number?
True
Is 32440175359 composite?
True
Is 18016887467 a prime number?
False
Is 3960802551 prime?
False
Is 5617168463 a composite number?
False
Is 121528863877 a prime number?
False
Is 801893387 composite?
True
Is 107887439 composite?
True
Is 22420721579 a prime number?
True
Is 3764606231 a prime number?
False
Is 1912729549 a composite number?
False
Is 43381379 composite?
False
Is 147658619 a prime number?
False
Is 49250601941 prime?
False
Is 351895589 a composite number?
True
Is 28906723567 prime?
False
Is 372846553 composite?
True
Is 1383622391 prime?
False
Is 29088975197 a composite number?
True
Is 5890250911 prime?
False
Is 788441411 a prime number?
False
Is 459644027 a prime number?
True
Is 70683374059 a composite number?
False
Is 232629191 composite?
False
Is 1716137305 a composite number?
True
Is 18849935339 a prime number?
True
Is 281030400751 a composite number?
False
Is 50024879483 a prime number?
True
Is 1656062281 a composite number?
True
Is 21350923591 a composite number?
False
Is 437592167 a prime number?
True
Is 101319165971 prime?
True
Is 820225781 a prime number?
True
Is 41899604291 a composite number?
False
Is 24419659991 a prime number?
False
Is 181849973 a prime number?
False
Is 56620638409 a composite number?
False
Is 3181431811 composite?
False
Is 1291717871 prime?
True
Is 14439762163 a composite number?
False
Is 650652239 a composite number?
False
Is 227067814031 composite?
False
Is 1485739754 composite?
True
Is 3967443361 prime?
False
Is 3289285171 a composite number?
True
Is 2661253003 composite?
True
Is 992398921 prime?
False
Is 121691428043 composite?
True
Is 2629517459 a prime number?
False
Is 506252491 prime?
True
Is 235402963 prime?
False
Is 627774577 prime?
True
Is 7658442563 a prime number?
True
Is 1237423454 composite?
True
Is 11860963 a composite number?
False
Is 2144561879 prime?
False
Is 4499992447 composite?
False
Is 9990799843 composite?
False
Is 45659304737 a composite number?
False
Is 1695543301 a composite number?
False
Is 11862374273 a prime number?
True
Is 30114167263 composite?
True
Is 243429083 a composite number?
True
Is 367052237 a composite number?
True
Is 63770031827 a prime number?
True
Is 2365421833 prime?
False
Is 12449613161 a prime number?
False
Is 5327711959 a composite number?
False
Is 22580910431 prime?
False
Is 650018669 a prime number?
True
Is 19406516189 a composite number?
True
Is 557692973 a composite number?
True
Is 477596131 prime?
True
Is 20183205589 prime?
False
Is 44592547847 a composite number?
False
Is 293227049 a composite number?
False
Is 64740325363 a prime number?
False
Is 71232820499 a composite number?
True
Is 488927957 prime?
False
Is 224880809 a composite number?
False
Is 28312115291 composite?
True
Is 1655390357 a composite number?
True
Is 172547251 prime?
True
Is 48134320849 prime?
False
Is 23625154731 a prime number?
False
Is 345156589 prime?
False
Is 12224853019 a prime number?
False
Is 4317387629 a composite number?
False
Is 1215541489 prime?
True
Is 468901837 prime?
False
Is 8779229803 a composite number?
True
Is 97543038233 a composite number?
False
Is 93932549 prime?
False
Is 1314282247 composite?
False
Is 83400042749 a prime number?
False
Is 1800031549 a prime number?
False
Is 32536367 composite?
True
Is 2715281533 prime?
True
Is 1669400279 prime?
False
Is 8723382667 a composite number?
False
Is 13267519 composite?
False
Is 1672493341 a composite number?
True
Is 46626445031 a prime number?
True
Is 106819964489 a composite number?
True
Is 48231545177 composite?
True
Is 9163147267 a prime number?
True
Is 25990258303 composite?
True
Is 1686412297 a prime number?
True
Is 3009807569 a composite number?
False
Is 29712768377 prime?
False
Is 1633267847 prime?
False
Is 6903397093 a prime number?
False
Is 42735989 composite?
False
Is 3187481537 composite?
False
Is 5867711471 a composite number?
False
Is 98614393 composite?
False
Is 1015047107 a composite number?
True
Is 78054867577 a prime number?
True
Is 9636371419 a composite number?
False
Is 247540957 prime?
True
Is 2344134277 a prime number?
False
Is 10510350047 prime?
True
Is 109481480035 composite?
True
Is 36933020053 prime?
True
Is 823793149 a composite number?
True
Is 2480634337 composite?
False
Is 1096523821 a prime number?
True
Is 26164087789 composite?
True
Is 4459471543 a prime number?
True
Is 5247187619 a prime number?
True
Is 481037551 prime?
False
Is 3442961513 a prime number?
False
Is 820106407 a prime number?
True
Is 1122032077 composite?
True
Is 44863673329 a prime number?
False
Is 7444060109 a composite number?
False
Is 1915704499 prime?
True
Is 1666395699 composite?
True
Is 500165957 a composite number?
True
Is 2018746283 a prime number?
False
Is 10284971143 a prime number?
True
Is 1971307747 a composite number?
False
Is 9738448079 a prime number?
False
Is 2283711497 composite?
False
Is 174649795447 a prime number?
True
Is 24564254467 prime?
False
Is 3013013083 prime?
True
Is 5936932829 a composite number?
True
Is 4319305307 a composite number?
False
Is 167166533 a composite number?
False
Is 2351857637 a composite number?
False
Is 40820077759 a prime number?
False
Is 1339652609 composite?
True
Is 11793205933 prime?
False
Is 109600061 a prime number?
True
Is 3530012561 a composite number?
True
Is 1605244679 composite?
False
Is 75194747 composite?
True
Is 9351858473 composite?
False
Is 48532249 a composite number?
False
Is 2034754163 a composite number?
True
Is 51947560361 prime?
True
Is 7121117729 a composite number?
True
Is 28177704707 a composite number?
True
Is 2643207101 composite?
True
Is 144950833 composite?
False
Is 10600582787 a composite number?
True
Is 20277876107 a composite number?
True
Is 79396287353 a prime number?
False
Is 9866765279 prime?
False
Is 5062026919 a composite number?
False
Is 18056259071 prime?
False
Is 78490024237 prime?
True
Is 63537077 composite?
True
Is 8252790521 a prime number?
True
Is 37680101819 a composite number?
False
Is 3912956849 a prime number?
True
Is 10152554257 a prime number?
True
Is 602304839 composite?
False
Is 1369403989 prime?
True
Is 395580881 composite?
True
Is 9750796465 a composite number?
True
Is 370045721 a composite number?
False
Is 4208705399 a prime number?
False
Is 3290485241 composite?
True
Is 13203807863 a composite number?
False
Is 28196818129 a composite number?
False
Is 36039246701 prime?
False
Is 98826082 a prime number?
False
Is 47175080531 a composite number?
False
Is 77287008091 a composite number?
True
Is 4893022403 prime?
True
Is 102844265 prime?
False
Is 503250816971 a prime number?
False
Is 9011538434 a composite number?
True
Is 752684627 prime?
True
Is 4716700973 composite?
True
Is 378046840661 a prime number?
False
Is 1743878119 a prime number?
False
Is 408261169 a composite number?
False
Is 1764307409 a prime number?
True
Is 265862621 a composite number?
False
Is 4977254921 prime?
False
Is 385038581 a prime number?
True
Is 1609646867 composite?
False
Is 545706817 a composite number?
True
Is 1802014413 a prime number?
False
Is 557769839 prime?
False
Is 4962191681 prime?
True
Is 18380165203 prime?
False
Is 3436417253 prime?
False
Is 1731229711 a prime number?
False
Is 724389361 a prime number?
True
Is 1108580891 prime?
False
Is 56451539 prime?
True
Is 898887791 composite?
True
Is 66986914229 prime?
True
Is 50363973607 a prime number?
False
Is 486345259 prime?
True
Is 7831942031 prime?
True
Is 6278843069 a composite number?
False
Is 392555843 a composite number?
False
Is 5706356641 composite?
True
Is 280495487 a composite number?
False
Is 3031635691 a prime number?
False
Is 397213771 c